posite?
False
Let l(s) = -60427*s - 8246. Is l(-79) a composite number?
False
Let x be (-6050 - -1)*(11 - 14 - -2). Let w = x + -2660. Is w composite?
False
Let q be (3 - 1) + 10 + 0 + 1. Suppose -17*y = -q*y - 64. Let u = y - -197. Is u prime?
False
Suppose -4*g = -124*x + 123*x + 65439, 4*x = 4*g + 261732. Is x composite?
True
Let v(c) = -4576*c - 29. Let o(z) = -3*z**2 + 4*z + 9. Let t be o(3). Is v(t) composite?
False
Let g(d) = 112552*d**2 + 336*d - 681. Is g(2) prime?
True
Suppose 2*m + 1965 = 3*l, -m - 2*m - 2915 = 2*l. Let z = 2139 - 2787. Let p = z - m. Is p composite?
True
Let b(q) = 2*q**3 + 4*q**2 - 14*q - 9. Let k be 20/3*3*22/(-55). Let v be b(k). Let h = -414 - v. Is h a prime number?
True
Let y(c) = c**3 + 8*c**2 + 2*c + 18. Let s be y(-8). Let o(k) = 0*k + 6*k**3 + 22*k**s + 3 - 7*k**3 - 8 - 3*k. Is o(21) a composite number?
False
Let g = 453619 - 54590. Is g prime?
False
Is 16/816*17*(79670 - -1) composite?
False
Suppose n - 5 = 2. Suppose -f - n = -31. Is 4/f + 0 - 11650/(-12) composite?
False
Suppose -36601 = -4*l - z, -5*z + 24874 + 20866 = 5*l. Is l a composite number?
False
Let y = 37472 + -1299. Is y a composite number?
True
Let g = 14237 + 27800. Is g a prime number?
False
Is (85/17)/((-40)/(-2820344)) composite?
False
Suppose 4*i + 4 = 5*g, 25*i - 22*i + 3 = -2*g. Let w(z) = 92*z**2 - 5*z - 4. Let r be w(-5). Suppose y = p + 2336, g*y + y - r = -4*p. Is y a composite number?
False
Let a = -228 - -486. Is 190189/a + (14/(-12) - -1) prime?
False
Let r(c) = -5*c + 73. Let n be r(15). Is (-1396)/n - (4 + (-4 - 1)) composite?
True
Let h(k) = k**3 + 7*k**2 + 8*k + 16. Let q be h(-6). Suppose 16 = q*b, -9560 - 1307 = -m + b. Is m a composite number?
True
Suppose -178861 + 18898 = -f + 2*y, 0 = 4*y + 16. Is f a composite number?
True
Let u be 10/125 + ((-539)/175 - 3). Is (-2)/u + 3519758/417 a composite number?
True
Let y be (((-112)/(-36))/7)/((-2)/(-9)). Let v(x) = 36 - 4*x**2 + 3*x + 6*x**y - 34. Is v(9) a prime number?
True
Let b = 464237 + -183900. Is b a composite number?
False
Let u(o) = -o**3 - 3*o**2 + 4*o + 12. Let r be u(-4). Suppose -10*h + 9*h + r = 0. Is (-1)/(-7) - h/21*-873 a prime number?
True
Suppose -609*j + 3254266 = -584*j - 12479809. Is j a prime number?
False
Let q(g) = 2724*g**2 - 5*g - 7. Let c(l) = 1362*l**2 - 2*l - 3. Let u(k) = -7*c(k) + 3*q(k). Let s be u(-1). Is ((-2)/3)/(28/42)*s a prime number?
True
Let z(h) = -2*h**3 + 2*h**2 + h - 1. Let w be z(2). Is (-1809)/w + (-6)/(-21)*2 prime?
False
Suppose 13 = -13*s - 26. Let u(h) = -1951*h - 4. Is u(s) a composite number?
False
Suppose -2*v - v = -804. Let i be 3/(548/v - 2). Suppose -20*b = -21*b + i. Is b a prime number?
True
Let x(f) be the second derivative of 37*f**5/20 + f**4/6 + f**3/6 + f**2/2 - 2*f. Suppose 3*j = -5*s - 9, -13*j + 18 = -10*j - 4*s. Is x(j) a composite number?
False
Is (-67124)/(-2) + (-1 - 1)/(8/(-4)) composite?
False
Suppose 0 = d + 3, -4*d = -k - k + 74. Suppose k*y - 33*y = -67186. Is y a composite number?
True
Suppose 3*z - 110 = 5*u - 0*u, -3*u - 4*z - 95 = 0. Let w = u + 37. Is w/(-18) + 2362/6 a prime number?
False
Suppose 0 = -4*l + d + d + 59764, 3*l - 4*d = 44823. Is l a prime number?
False
Let g = 223279 - 109346. Is g a composite number?
False
Let w = 1519582 + 127771. Is w a composite number?
False
Suppose t = 3*p + 15611, 0 = 112*t - 107*t + 4*p - 78169. Is t a composite number?
False
Suppose h - 5*b = -103 + 1481, 0 = -5*h - 4*b + 6861. Suppose -9*u + h = -5*u + 5*d, 3*u + 4*d - 1029 = 0. Is u a prime number?
True
Is 7/(14/24) + 93073 prime?
False
Let d(r) = 85*r**2 - 2*r - 288. Is d(17) a composite number?
True
Let s(n) be the third derivative of -37*n**4/8 - 127*n**3/6 + 130*n**2. Is s(-30) a prime number?
True
Let v(u) be the first derivative of -u**3/3 + 7*u**2/2 + 7*u - 2. Let p be v(8). Is 2 + p + 796 - 0 prime?
True
Suppose -6*v - 440892 = 234288. Is (-2)/(-4) - v/44 prime?
False
Let p = -659 - -1168. Let u = 2968 - p. Is u a prime number?
True
Suppose -2*x - 5*x = 4*x - 3697067. Is x composite?
True
Let p = -68 + 80. Let n(z) = 2 - 2 - 6 + 11*z**2 + p*z + 5. Is n(5) composite?
True
Let g(i) = 60*i**2 - 191*i - 19. Let u be g(5). Let h(m) = m**2 - m + 5. Let x be h(5). Suppose x*q - 27*q = -u. Is q prime?
True
Let l = -15137 - -24250. Is l composite?
True
Suppose 2*q - 1131 = -31*h + 30*h, 2277 = 2*h - q. Is h composite?
True
Suppose -7*x + 1555 + 692 = 0. Let z = x - -1580. Is z prime?
True
Let l(d) = 409085*d + 273. Is l(1) a prime number?
False
Suppose -6*a - 10987 = -a - 3*x, 5*a = -5*x - 10955. Let p = a - -4447. Suppose -9*s + 17435 = p. Is s a prime number?
False
Suppose 8*a - 12*a = -20. Suppose -49 = a*g - 59. Suppose 3*u - p - 22967 = 0, 0 = g*u + 2*u + 3*p - 30614. Is u a prime number?
False
Is 679726/18 - 16/(-36) a prime number?
False
Suppose 10*a - 15*a = -35800. Let g = a + -4987. Is g a prime number?
False
Let a = -98234 + 410355. Is a prime?
True
Let y(d) = -6*d**2 + 4*d - 30. Let r be y(12). Let f = -483 - r. Suppose -k + f = -16. Is k composite?
False
Suppose 0 = 19*m - 21*m + 4. Let g be -3 + (m - 0)/((-12)/18). Is 29 + (-2)/2 - g/2 prime?
True
Suppose -54*b + 99*b = 387405. Is b prime?
True
Let u = -4887 - -3746. Let l(i) = -91*i + 1. Let v be l(7). Let g = v - u. Is g a prime number?
False
Let p = 7227 - -3080. Is p a prime number?
False
Let g = 128093 - 13936. Is g a prime number?
True
Let f = 34007 - -13932. Is f a prime number?
True
Suppose -4*j + 8*r = 3*r - 9, 3*r - 15 = -j. Suppose 4*b = -2*d + 1072, -j*d + 3*d = -4*b - 1568. Suppose -3*o = -c - 521 - 275, -2*c = 2*o - d. Is o composite?
True
Is (-4573 - 1)/((-28)/1106) prime?
False
Suppose -66*k + 61*k = -2*d + 5562875, -4*k - 2781433 = -d. Is d a prime number?
False
Let j = 3 - 4. Let p(v) = v**3 - 5*v**2 - 13. Let b be p(5). Is 1*j*4927/b composite?
False
Suppose -13645 = -5*b - 4900. Let l = b - 517. Suppose -4*m + l = 2*n, -m = m + 3*n - 620. Is m prime?
True
Suppose 2*b = 4 + 22. Let j(v) = 26*v - 31. Is j(b) a prime number?
True
Let v(a) be the third derivative of -a**6/120 + a**5/12 + a**4/2 + 2*a**3 - 7*a**2. Let w be v(-9). Is w/6 - (-8 - -4) a prime number?
False
Let s = 87040 - 39923. Suppose -3*b - 12920 = -s. Is b a composite number?
False
Let s = 93289 - -983728. Is s composite?
False
Let h = 361668 + -195655. Is h a prime number?
True
Let w = 477 + -1257. Let p = w + -706. Let y = -149 - p. Is y composite?
True
Suppose 2342245 = 27*m + 20*m. Is m a composite number?
True
Let r(o) be the third derivative of -2141*o**4/12 - 11*o**3/6 + o**2 - 3*o. Is r(-1) prime?
True
Let j be (-1988)/6*(-9)/6. Let a = j + -319. Let l = 483 - a. Is l prime?
False
Let q be ((-8)/16)/(2/4) + 4. Suppose q*y - 1610 = 53887. Is y composite?
True
Suppose -147439 - 71161 = -4*g - 2*a, 3*g = -5*a + 163971. Is g composite?
False
Let r(f) = 1348*f**2 + 130*f - 535. Is r(4) a prime number?
False
Is -1 - (-13533 + 2) - (-3)/(33/(-77)) a prime number?
True
Let k(o) = -2*o**2 - 2*o - 4. Let b be k(-2). Let r = 11 + b. Is -1*r*(-3)/((-18)/(-164)) composite?
True
Let f be -6*((-20)/(-2) - 4). Let y be (0 - 1)*1851/3. Let z = f - y. Is z composite?
True
Let b be 2 - ((-6)/(-5))/(1/(-5)). Suppose -10 = -5*g, -2*a - g + 0*g = -b. Suppose 0 = 2*x - a*n - 0*n - 1507, 3*x + 3*n = 2238. Is x a prime number?
False
Let a(m) = -144*m**3 - 2*m**2 - 22*m + 17. Is a(-5) prime?
True
Suppose -608*y = -423*y - 57864115. Is y prime?
True
Suppose q - 2*g - 3370 = 967, -5*q + 4*g + 21673 = 0. Suppose -9095 - q = -4*j. Suppose 0 = k - 10*k + j. Is k a composite number?
False
Let v(g) = 6411*g + 9296. Is v(59) prime?
False
Suppose 153457 = 3*a - d, -d = -4*a + 4*d + 204613. Let y = -35009 + a. Suppose -4*o + 7*o - y = 0. Is o a composite number?
False
Suppose 4*h + 349190 = 2*g, -22*g + 1396796 = -14*g - 4*h. Is g a prime number?
False
Let f(t) be the second derivative of 5*t**4/3 + t**3/3 - 7*t**2/2 - 63*t. Is f(-6) a prime number?
True
Let g = -2939 - -4669. Let f = -579 + g. Is f prime?
True
Let u(j) = -1623*j**2 - 8. Let k(b) = 4869*b**2 - b + 21. Let t(d) = 4*k(d) + 11*u(d). Is t(3) a prime number?
True
Let o = -2588 + 4665. Is o a composite number?
True
Let z(j) = -9*j - 5. Let b be z(-1). Suppose -3*h - 57 = -b*w - 0*h, -5*w + 71 = -4*h. Suppose -2*s +